- 5 = -2*y. Let i be (y + 57/(-15))*-5. What is the greatest common divisor of 154 and i?
14
Suppose -2*g - 5*c = -27 + 4, 4*c = -5*g + 32. Calculate the greatest common factor of 20 and g.
4
Suppose -4*z + 7*z - 180 = 0. Suppose t = -a, 1 + 1 = -t - 2*a. Let v be t*(-6)/(-9)*9. Calculate the greatest common factor of z and v.
12
Suppose -5*t = -t - 36. Suppose -3*u = -6*u. Let h be u/(t/3) - -45. What is the greatest common factor of 15 and h?
15
Suppose 3*v - 21 = 2*v. What is the highest common factor of 14 and v?
7
Suppose 264 = -n + 5*n. What is the highest common factor of 22 and n?
22
Suppose b + o - 587 = 0, 0 = -2*b + 4*b - o - 1171. Suppose 5*v - b = 3*w, v + 6*w - 131 = 2*w. Calculate the greatest common divisor of 17 and v.
17
Suppose 143 = 4*m + 2*l + l, -4*m - l = -149. Let y(x) = 2*x**2 + 8*x - 63. Let g be y(6). What is the highest common divisor of g and m?
19
Suppose 0 = 3*x - 49 + 10. What is the greatest common divisor of x and 91?
13
Let r = 4 + -9. Let k be (198/r)/((-4)/20). Suppose 2*d = -4, 0 = -4*a - 5*d + 4*d + k. What is the greatest common factor of 10 and a?
10
Let a(h) = -h**3 + 3*h**2 + 15*h - 2. Let w be a(6). Let s = 52 + w. Calculate the highest common divisor of 8 and s.
8
Suppose 3 = -3*j + 30. Suppose j - 144 = -3*h - g, -4*h - 2*g = -180. Calculate the greatest common divisor of h and 30.
15
Let a = 14 - -2. What is the greatest common factor of a and 8?
8
Let c(h) = -h**3 - 8*h**2 - 2*h - 8. Let u be c(-8). Suppose 2*o + 12 = 292. Suppose 84 = 4*j - o. What is the greatest common divisor of u and j?
8
Let f be (84/(-8))/(-3*(-3)/(-60)). Calculate the highest common factor of 28 and f.
14
Let z be 2 - -2 - 2/2. Suppose 4*j - z*j = -5*b + 245, 0 = 3*b + 4*j - 164. Calculate the highest common factor of b and 8.
8
Let x(p) = p**3 - p**2 + 3*p - 2. Let r be x(2). Suppose b = w - 2*b - 5, -w + 2*b + r = 0. What is the greatest common factor of 14 and w?
14
Let u(o) = -o**3 + 7*o**2 - 4*o - 5. Let m be u(6). Let w = 10 - m. Suppose q - 16 = -w*d, -5*d = -3*q - 15 - 7. What is the highest common factor of 7 and q?
1
Let g(q) = -q**2 - 9*q + 12. Let x be g(-10). Suppose -10 = -x*c - 2. What is the highest common divisor of 12 and c?
4
Let r = 120 - 108. Calculate the greatest common factor of 6 and r.
6
Let b = 10 - 2. Suppose 4*g - 6*g = -b. Calculate the greatest common divisor of 1 and g.
1
Let u = -3 + 0. Let n be 159/6*2 - u. What is the highest common divisor of 8 and n?
8
Suppose 3*k - 76 - 197 = 0. Suppose -5*b + 79 = -k. What is the greatest common factor of 17 and b?
17
Suppose -3*q + 9 = 3*c, c - 1 = 3*q - 6. Let y = 84 + -78. Calculate the highest common factor of y and q.
2
Let r(s) = 2*s - 13. Let h be r(7). Calculate the greatest common divisor of 1 and h.
1
Let v(h) = -2*h - 9. Let p be v(-6). Suppose -p*k + 46 = -k. Let r = k - -5. Calculate the highest common divisor of r and 14.
14
Let q be 1 + -4 - (-700)/35. Suppose 2*p - 9 = -5*u, 4*p - 26 = 2*u + 52. Calculate the highest common divisor of q and p.
17
Let h = -63 - -94. Let g = 47 - h. What is the highest common factor of 2 and g?
2
Let u(n) = -17*n**2 + 41*n - 32. Let o(i) = -4*i**2 + 10*i - 8. Let l(k) = -9*o(k) + 2*u(k). Let v be l(4). Calculate the greatest common divisor of 8 and v.
8
Let l be 2 + -3 - 72/(-4). Let m = l + -9. What is the greatest common factor of m and 2?
2
Suppose -4*t = -49 - 47. Suppose -4*m - 26 = -90. What is the highest common factor of m and t?
8
Suppose 5*d - 4*d + 1020 = -4*z, -5*z - 1275 = -2*d. Suppose 1 = 2*h - 1, 0 = 4*x + 2*h - 1442. Let l = z + x. Calculate the highest common factor of 15 and l.
15
Let v(m) = 2*m**2 - 5*m - 6. Let h be v(5). Let b be 1*(208 + (5 - 4)). What is the highest common factor of b and h?
19
Let f(m) = m**2 + 16*m - 28. Let r be f(-19). Calculate the greatest common factor of r and 232.
29
Suppose -g + 0*g + 40 = 0. Let q be 285/45 - 10/(-6). What is the highest common factor of g and q?
8
Let a = 12 + -2. Calculate the greatest common divisor of 80 and a.
10
Suppose -2*l + 3 = -7. Suppose 3*c - 2*b = 146, -3*c - 9 = -l*b - 158. What is the greatest common factor of c and 12?
12
Let l be (8 + -11)/(1/(-3)). What is the greatest common factor of 1 and l?
1
Let y be 44/(-8)*(-7 - -1). Let a be 0/((5 - 1) + -2). Suppose a = -4*o + 5*f - 0*f + 64, -4*f = 2*o - 6. Calculate the highest common factor of y and o.
11
Let o(q) = 10*q - 2. Let n be o(2). Calculate the greatest common divisor of n and 90.
18
Suppose h + n = 10, -3*h - 4*n - 5 = -8*h. Suppose -p + 5*k = -29, 2*k + 28 = -4*p + 166. Let r = p + -9. What is the highest common divisor of h and r?
5
Suppose 3*z - 150 = 2*x, 0*z + 3*x = -3*z + 135. Suppose 4*t - 260 = z. What is the greatest common divisor of 11 and t?
11
Suppose -3*m + 180 = -28*h + 31*h, -5*h + 5 = 0. Calculate the highest common divisor of m and 649.
59
Let a = 58 + -57. Suppose 5*b = -m - 2*m + 44, -3*m - b + 28 = 0. Calculate the highest common factor of m and a.
1
Suppose -4*b - 81 = -4*w - 1, 2*w = -2*b + 56. Let f be (17/1)/(-1 + 0). Let l = -11 - f. Calculate the greatest common factor of w and l.
6
Let w(g) = -4*g - 4. Let f be w(-5). Let j(q) = -23*q + 4. Let v be j(4). Let t be (-3)/(-4)*v/(-33). What is the highest common divisor of f and t?
2
Let y(x) = x**3 - 4*x**2 + 4*x - 9. Let j be y(4). Let m be (-6 + -1)*(-1 - 10). Calculate the highest common factor of j and m.
7
Let j(p) = -5*p + 4. Let s be j(-4). Let i(v) = -7 - 8 + v**3 + 5 + 10*v - 7*v**2. Let n be i(7). What is the highest common divisor of s and n?
12
Let x = 5 - -76. What is the greatest common factor of x and 54?
27
Let n(w) = -w**2 - 5*w - 1. Let v be n(-3). Suppose 2*y = -t + 1, v*y - 2*y = 5*t - 57. Suppose 1 - t = -2*g. What is the highest common divisor of g and 40?
4
Let l be 60 + 1 + 0 + -1. Suppose -i - l = -6*i. Calculate the highest common factor of i and 12.
12
Let k be -3 - (3 + -4) - -3. What is the highest common divisor of k and 4?
1
Suppose 0 = -k - 2. Let o be k/3 - 798/(-9). Suppose 0*x = -5*x + 55. Calculate the highest common divisor of x and o.
11
Suppose 0 = -2*r + 4*p + 2 + 2, 0 = -5*r + 4*p + 34. Suppose 0 = 5*g - 2*u - 356, -u - 149 = -2*g + 2*u. Calculate the highest common divisor of g and r.
10
Suppose 3 = -i + 4. Let t(m) = -4*m + 8*m**2 + 4*m - m. Let k be t(1). What is the greatest common divisor of k and i?
1
Let c = 8 + -1. Let q = -4 - -4. Suppose q = -0*t + t - 56. Calculate the highest common divisor of t and c.
7
Suppose 0 = 8*v - v - 672. What is the highest common divisor of 12 and v?
12
Let y = 6 - 5. Suppose 2*k + 8 = 4*k. Let b be (1 + -2)*(-1 - k). What is the highest common factor of y and b?
1
Let d(z) = z**3 - z - 12. Let b be d(0). Let x = b - -25. Calculate the greatest common divisor of 26 and x.
13
Let y be (35/(-2))/((-1)/(-2)). Let i = 61 + y. Calculate the highest common factor of i and 13.
13
Let c(a) = -a + 26. Suppose 0 = -0*m + 4*m. Let g be c(m). Let s = g - -7. What is the highest common factor of s and 22?
11
Let b be 0 - (-1 - (4 + -3)). Suppose -d - 2*q + 0 = -b, -5*d + 15 = 5*q. Calculate the greatest common divisor of 1 and d.
1
Let p(y) = -7*y - 13. Let v be p(-7). Let o be 18*(4 - (-2)/(-2)). What is the greatest common factor of v and o?
18
Let o = 48 - 36. What is the greatest common factor of o and 24?
12
Let o = 181 + -21. What is the highest common divisor of o and 5?
5
Let i be 2/5 + 256/10. Let v(l) = -21*l - 7. Let b be v(-3). Suppose -3*x - 2*n = -43, 0*n - 2*n = 4*x - b. What is the highest common factor of x and i?
13
Suppose 3*p - p - 4 = 0. Suppose q = p*q - 4. Suppose 0 = 2*w - q - 10. Calculate the highest common factor of w and 1.
1
Suppose -m - r = 11, 2*r + 2*r = -8. Let i(n) = -n**3 - 8*n**2 + 3*n - 10. Let s be i(m). What is the highest common divisor of s and 4?
4
Let n = 136 - 81. Let r = -63 + 30. Let w be (2/6)/((-1)/r). What is the greatest common divisor of n and w?
11
Let x = -21 - -25. Suppose -n = -x*n + 33. Calculate the greatest common factor of n and 55.
11
Suppose -932 = 4*d + 268. Let y be (2/6)/((-4)/d). Calculate the highest common divisor of 10 and y.
5
Let g = -4 - -11. Suppose -1 = 2*m - g. Calculate the highest common factor of m and 21.
3
Suppose 2*h - 2*a = 3*h + 8, 0 =